{"id":1373,"date":"2024-12-02T12:02:03","date_gmt":"2024-12-02T12:02:03","guid":{"rendered":"https:\/\/segafredo.hdonline.pt\/?post_type=product&#038;p=1373"},"modified":"2025-01-10T18:16:05","modified_gmt":"2025-01-10T18:16:05","slug":"crema-rica-250g","status":"publish","type":"product","link":"https:\/\/segafredo.es\/en\/product\/crema-rica-250g\/","title":{"rendered":"Crema Rica <br><small>(250g)<\/small><\/br>"},"content":{"rendered":"<p>The Crema Rica blend is created from a balanced selection of Robusta coffees, skillfully combined with South American Arabica. This ground coffee stands out for its creaminess, combined with complex aromas and flavors reminiscent of spices and nuts. Ideal for preparing espresso at home.<\/p>","protected":false},"excerpt":{"rendered":"<p>The Crema Rica blend is created from a balanced selection of Robusta coffees, skillfully combined with South American Arabica. This ground coffee stands out for its creaminess, combined with complex aromas and flavors reminiscent of spices and nuts. Ideal for preparing espresso at home.<\/p>","protected":false},"featured_media":1342,"template":"","meta":[],"product_brand":[],"product_cat":[24],"product_tag":[],"class_list":{"0":"post-1373","1":"product","2":"type-product","3":"status-publish","4":"has-post-thumbnail","6":"product_cat-molidos","8":"first","9":"instock","10":"shipping-taxable","11":"product-type-simple"},"yoast_head":"<!-- This site is optimized with the Yoast SEO plugin v26.7 - https:\/\/yoast.com\/wordpress\/plugins\/seo\/ -->\n<title>Crema Rica (250g) - Segafredo<\/title>\n<meta name=\"robots\" content=\"index, follow, max-snippet:-1, max-image-preview:large, max-video-preview:-1\" \/>\n<link rel=\"canonical\" href=\"https:\/\/segafredo.es\/en\/product\/crema-rica-250g\/\" \/>\n<meta property=\"og:locale\" content=\"en_GB\" \/>\n<meta property=\"og:type\" content=\"article\" \/>\n<meta property=\"og:title\" content=\"Crema Rica (250g) - Segafredo\" \/>\n<meta property=\"og:description\" content=\"La mezcla Crema Rica se crea a partir de una selecci\u00f3n equilibrada de caf\u00e9s Robusta, h\u00e1bilmente combinados con Ar\u00e1bica de Sudam\u00e9rica. Este caf\u00e9 molido destaca por su cremosidad, asociada a aromas y sabores complejos que evocan especias y frutos secos. Ideal para preparar caf\u00e9 espresso en casa.\" \/>\n<meta property=\"og:url\" content=\"https:\/\/segafredo.es\/en\/product\/crema-rica-250g\/\" \/>\n<meta property=\"og:site_name\" content=\"Segafredo\" \/>\n<meta property=\"article:modified_time\" content=\"2025-01-10T18:16:05+00:00\" \/>\n<meta property=\"og:image\" content=\"https:\/\/segafredo.es\/wp-content\/uploads\/2024\/06\/crema-ricca-250g_2_12_11zon.jpg\" \/>\n\t<meta property=\"og:image:width\" content=\"1100\" \/>\n\t<meta property=\"og:image:height\" content=\"1420\" \/>\n\t<meta property=\"og:image:type\" content=\"image\/jpeg\" \/>\n<meta name=\"twitter:card\" content=\"summary_large_image\" \/>\n<script type=\"application\/ld+json\" class=\"yoast-schema-graph\">{\"@context\":\"https:\/\/schema.org\",\"@graph\":[{\"@type\":\"WebPage\",\"@id\":\"https:\/\/segafredo.es\/en\/product\/crema-rica-250g\/\",\"url\":\"https:\/\/segafredo.es\/en\/product\/crema-rica-250g\/\",\"name\":\"Crema Rica (250g) - Segafredo\",\"isPartOf\":{\"@id\":\"https:\/\/segafredo.es\/en\/#website\"},\"primaryImageOfPage\":{\"@id\":\"https:\/\/segafredo.es\/en\/product\/crema-rica-250g\/#primaryimage\"},\"image\":{\"@id\":\"https:\/\/segafredo.es\/en\/product\/crema-rica-250g\/#primaryimage\"},\"thumbnailUrl\":\"https:\/\/segafredo.es\/wp-content\/uploads\/2024\/06\/crema-ricca-250g_2_12_11zon.jpg\",\"datePublished\":\"2024-12-02T12:02:03+00:00\",\"dateModified\":\"2025-01-10T18:16:05+00:00\",\"breadcrumb\":{\"@id\":\"https:\/\/segafredo.es\/en\/product\/crema-rica-250g\/#breadcrumb\"},\"inLanguage\":\"en-GB\",\"potentialAction\":[{\"@type\":\"ReadAction\",\"target\":[\"https:\/\/segafredo.es\/en\/product\/crema-rica-250g\/\"]}]},{\"@type\":\"ImageObject\",\"inLanguage\":\"en-GB\",\"@id\":\"https:\/\/segafredo.es\/en\/product\/crema-rica-250g\/#primaryimage\",\"url\":\"https:\/\/segafredo.es\/wp-content\/uploads\/2024\/06\/crema-ricca-250g_2_12_11zon.jpg\",\"contentUrl\":\"https:\/\/segafredo.es\/wp-content\/uploads\/2024\/06\/crema-ricca-250g_2_12_11zon.jpg\",\"width\":1100,\"height\":1420},{\"@type\":\"BreadcrumbList\",\"@id\":\"https:\/\/segafredo.es\/en\/product\/crema-rica-250g\/#breadcrumb\",\"itemListElement\":[{\"@type\":\"ListItem\",\"position\":1,\"name\":\"Home\",\"item\":\"https:\/\/segafredo.es\/en\/\"},{\"@type\":\"ListItem\",\"position\":2,\"name\":\"Produtos\",\"item\":\"https:\/\/segafredo.es\/en\/produtos\/\"},{\"@type\":\"ListItem\",\"position\":3,\"name\":\"Crema Rica (250g)\"}]},{\"@type\":\"WebSite\",\"@id\":\"https:\/\/segafredo.es\/en\/#website\",\"url\":\"https:\/\/segafredo.es\/en\/\",\"name\":\"Segafredo\",\"description\":\"\",\"publisher\":{\"@id\":\"https:\/\/segafredo.es\/en\/#organization\"},\"potentialAction\":[{\"@type\":\"SearchAction\",\"target\":{\"@type\":\"EntryPoint\",\"urlTemplate\":\"https:\/\/segafredo.es\/en\/?s={search_term_string}\"},\"query-input\":{\"@type\":\"PropertyValueSpecification\",\"valueRequired\":true,\"valueName\":\"search_term_string\"}}],\"inLanguage\":\"en-GB\"},{\"@type\":\"Organization\",\"@id\":\"https:\/\/segafredo.es\/en\/#organization\",\"name\":\"Segafredo\",\"url\":\"https:\/\/segafredo.es\/en\/\",\"logo\":{\"@type\":\"ImageObject\",\"inLanguage\":\"en-GB\",\"@id\":\"https:\/\/segafredo.es\/en\/#\/schema\/logo\/image\/\",\"url\":\"https:\/\/segafredo.es\/wp-content\/uploads\/2024\/05\/loudzap-logo-1603185532.png\",\"contentUrl\":\"https:\/\/segafredo.es\/wp-content\/uploads\/2024\/05\/loudzap-logo-1603185532.png\",\"width\":340,\"height\":176,\"caption\":\"Segafredo\"},\"image\":{\"@id\":\"https:\/\/segafredo.es\/en\/#\/schema\/logo\/image\/\"}}]}<\/script>\n<!-- \/ Yoast SEO plugin. -->","yoast_head_json":{"title":"Crema Rica (250g) - Segafredo","robots":{"index":"index","follow":"follow","max-snippet":"max-snippet:-1","max-image-preview":"max-image-preview:large","max-video-preview":"max-video-preview:-1"},"canonical":"https:\/\/segafredo.es\/en\/product\/crema-rica-250g\/","og_locale":"en_GB","og_type":"article","og_title":"Crema Rica (250g) - Segafredo","og_description":"La mezcla Crema Rica se crea a partir de una selecci\u00f3n equilibrada de caf\u00e9s Robusta, h\u00e1bilmente combinados con Ar\u00e1bica de Sudam\u00e9rica. Este caf\u00e9 molido destaca por su cremosidad, asociada a aromas y sabores complejos que evocan especias y frutos secos. Ideal para preparar caf\u00e9 espresso en casa.","og_url":"https:\/\/segafredo.es\/en\/product\/crema-rica-250g\/","og_site_name":"Segafredo","article_modified_time":"2025-01-10T18:16:05+00:00","og_image":[{"width":1100,"height":1420,"url":"https:\/\/segafredo.es\/wp-content\/uploads\/2024\/06\/crema-ricca-250g_2_12_11zon.jpg","type":"image\/jpeg"}],"twitter_card":"summary_large_image","schema":{"@context":"https:\/\/schema.org","@graph":[{"@type":"WebPage","@id":"https:\/\/segafredo.es\/en\/product\/crema-rica-250g\/","url":"https:\/\/segafredo.es\/en\/product\/crema-rica-250g\/","name":"Crema Rica (250g) - Segafredo","isPartOf":{"@id":"https:\/\/segafredo.es\/en\/#website"},"primaryImageOfPage":{"@id":"https:\/\/segafredo.es\/en\/product\/crema-rica-250g\/#primaryimage"},"image":{"@id":"https:\/\/segafredo.es\/en\/product\/crema-rica-250g\/#primaryimage"},"thumbnailUrl":"https:\/\/segafredo.es\/wp-content\/uploads\/2024\/06\/crema-ricca-250g_2_12_11zon.jpg","datePublished":"2024-12-02T12:02:03+00:00","dateModified":"2025-01-10T18:16:05+00:00","breadcrumb":{"@id":"https:\/\/segafredo.es\/en\/product\/crema-rica-250g\/#breadcrumb"},"inLanguage":"en-GB","potentialAction":[{"@type":"ReadAction","target":["https:\/\/segafredo.es\/en\/product\/crema-rica-250g\/"]}]},{"@type":"ImageObject","inLanguage":"en-GB","@id":"https:\/\/segafredo.es\/en\/product\/crema-rica-250g\/#primaryimage","url":"https:\/\/segafredo.es\/wp-content\/uploads\/2024\/06\/crema-ricca-250g_2_12_11zon.jpg","contentUrl":"https:\/\/segafredo.es\/wp-content\/uploads\/2024\/06\/crema-ricca-250g_2_12_11zon.jpg","width":1100,"height":1420},{"@type":"BreadcrumbList","@id":"https:\/\/segafredo.es\/en\/product\/crema-rica-250g\/#breadcrumb","itemListElement":[{"@type":"ListItem","position":1,"name":"Home","item":"https:\/\/segafredo.es\/en\/"},{"@type":"ListItem","position":2,"name":"Produtos","item":"https:\/\/segafredo.es\/en\/produtos\/"},{"@type":"ListItem","position":3,"name":"Crema Rica (250g)"}]},{"@type":"WebSite","@id":"https:\/\/segafredo.es\/en\/#website","url":"https:\/\/segafredo.es\/en\/","name":"Segafredo","description":"","publisher":{"@id":"https:\/\/segafredo.es\/en\/#organization"},"potentialAction":[{"@type":"SearchAction","target":{"@type":"EntryPoint","urlTemplate":"https:\/\/segafredo.es\/en\/?s={search_term_string}"},"query-input":{"@type":"PropertyValueSpecification","valueRequired":true,"valueName":"search_term_string"}}],"inLanguage":"en-GB"},{"@type":"Organization","@id":"https:\/\/segafredo.es\/en\/#organization","name":"Segafredo","url":"https:\/\/segafredo.es\/en\/","logo":{"@type":"ImageObject","inLanguage":"en-GB","@id":"https:\/\/segafredo.es\/en\/#\/schema\/logo\/image\/","url":"https:\/\/segafredo.es\/wp-content\/uploads\/2024\/05\/loudzap-logo-1603185532.png","contentUrl":"https:\/\/segafredo.es\/wp-content\/uploads\/2024\/05\/loudzap-logo-1603185532.png","width":340,"height":176,"caption":"Segafredo"},"image":{"@id":"https:\/\/segafredo.es\/en\/#\/schema\/logo\/image\/"}}]}},"_links":{"self":[{"href":"https:\/\/segafredo.es\/en\/wp-json\/wp\/v2\/product\/1373","targetHints":{"allow":["GET"]}}],"collection":[{"href":"https:\/\/segafredo.es\/en\/wp-json\/wp\/v2\/product"}],"about":[{"href":"https:\/\/segafredo.es\/en\/wp-json\/wp\/v2\/types\/product"}],"wp:featuredmedia":[{"embeddable":true,"href":"https:\/\/segafredo.es\/en\/wp-json\/wp\/v2\/media\/1342"}],"wp:attachment":[{"href":"https:\/\/segafredo.es\/en\/wp-json\/wp\/v2\/media?parent=1373"}],"wp:term":[{"taxonomy":"product_brand","embeddable":true,"href":"https:\/\/segafredo.es\/en\/wp-json\/wp\/v2\/product_brand?post=1373"},{"taxonomy":"product_cat","embeddable":true,"href":"https:\/\/segafredo.es\/en\/wp-json\/wp\/v2\/product_cat?post=1373"},{"taxonomy":"product_tag","embeddable":true,"href":"https:\/\/segafredo.es\/en\/wp-json\/wp\/v2\/product_tag?post=1373"}],"curies":[{"name":"wp","href":"https:\/\/api.w.org\/{rel}","templated":true}]}}

<!-- This site is optimized with the Yoast SEO plugin v26.7 - https://yoast.com/wordpress/plugins/seo/ -->
<title>Crema Rica (250g) - Segafredo</title>
<meta name="robots" content="index, follow, max-snippet:-1, max-image-preview:large, max-video-preview:-1" />
<link rel="canonical" href="https://segafredo.es/en/product/crema-rica-250g/" />
<meta property="og:locale" content="en_GB" />
<meta property="og:type" content="article" />
<meta property="og:title" content="Crema Rica (250g) - Segafredo" />
<meta property="og:description" content="La mezcla Crema Rica se crea a partir de una selección equilibrada de cafés Robusta, hábilmente combinados con Arábica de Sudamérica. Este café molido destaca por su cremosidad, asociada a aromas y sabores complejos que evocan especias y frutos secos. Ideal para preparar café espresso en casa." />
<meta property="og:url" content="https://segafredo.es/en/product/crema-rica-250g/" />
<meta property="og:site_name" content="Segafredo" />
<meta property="article:modified_time" content="2025-01-10T18:16:05+00:00" />
<meta property="og:image" content="https://segafredo.es/wp-content/uploads/2024/06/crema-ricca-250g_2_12_11zon.jpg" />
	<meta property="og:image:width" content="1100" />
	<meta property="og:image:height" content="1420" />
	<meta property="og:image:type" content="image/jpeg" />
<meta name="twitter:card" content="summary_large_image" />
<script type="application/ld+json" class="yoast-schema-graph">{"@context":"https://schema.org","@graph":[{"@type":"WebPage","@id":"https://segafredo.es/en/product/crema-rica-250g/","url":"https://segafredo.es/en/product/crema-rica-250g/","name":"Crema Rica (250g) - Segafredo","isPartOf":{"@id":"https://segafredo.es/en/#website"},"primaryImageOfPage":{"@id":"https://segafredo.es/en/product/crema-rica-250g/#primaryimage"},"image":{"@id":"https://segafredo.es/en/product/crema-rica-250g/#primaryimage"},"thumbnailUrl":"https://segafredo.es/wp-content/uploads/2024/06/crema-ricca-250g_2_12_11zon.jpg","datePublished":"2024-12-02T12:02:03+00:00","dateModified":"2025-01-10T18:16:05+00:00","breadcrumb":{"@id":"https://segafredo.es/en/product/crema-rica-250g/#breadcrumb"},"inLanguage":"en-GB","potentialAction":[{"@type":"ReadAction","target":["https://segafredo.es/en/product/crema-rica-250g/"]}]},{"@type":"ImageObject","inLanguage":"en-GB","@id":"https://segafredo.es/en/product/crema-rica-250g/#primaryimage","url":"https://segafredo.es/wp-content/uploads/2024/06/crema-ricca-250g_2_12_11zon.jpg","contentUrl":"https://segafredo.es/wp-content/uploads/2024/06/crema-ricca-250g_2_12_11zon.jpg","width":1100,"height":1420},{"@type":"BreadcrumbList","@id":"https://segafredo.es/en/product/crema-rica-250g/#breadcrumb","itemListElement":[{"@type":"ListItem","position":1,"name":"Home","item":"https://segafredo.es/en/"},{"@type":"ListItem","position":2,"name":"Produtos","item":"https://segafredo.es/en/produtos/"},{"@type":"ListItem","position":3,"name":"Crema Rica (250g)"}]},{"@type":"WebSite","@id":"https://segafredo.es/en/#website","url":"https://segafredo.es/en/","name":"Segafredo","description":"","publisher":{"@id":"https://segafredo.es/en/#organization"},"potentialAction":[{"@type":"SearchAction","target":{"@type":"EntryPoint","urlTemplate":"https://segafredo.es/en/?s={search_term_string}"},"query-input":{"@type":"PropertyValueSpecification","valueRequired":true,"valueName":"search_term_string"}}],"inLanguage":"en-GB"},{"@type":"Organization","@id":"https://segafredo.es/en/#organization","name":"Segafredo","url":"https://segafredo.es/en/","logo":{"@type":"ImageObject","inLanguage":"en-GB","@id":"https://segafredo.es/en/#/schema/logo/image/","url":"https://segafredo.es/wp-content/uploads/2024/05/loudzap-logo-1603185532.png","contentUrl":"https://segafredo.es/wp-content/uploads/2024/05/loudzap-logo-1603185532.png","width":340,"height":176,"caption":"Segafredo"},"image":{"@id":"https://segafredo.es/en/#/schema/logo/image/"}}]}</script>
<!-- / Yoast SEO plugin. -->

La mezcla Crema Rica se crea a partir de una selección equilibrada de cafés Robusta, hábilmente combinados con Arábica de Sudamérica. Este café molido destaca por su cremosidad, asociada a aromas y sabores complejos que evocan especias y frutos secos. Ideal para preparar café espresso en casa.
